[INFO] cloning repository https://github.com/Measter/rpixi
[INFO] running `Command { std: "git" "-c" "credential.helper=" "-c" "credential.helper=/workspace/cargo-home/bin/git-credential-null" "clone" "--bare" "https://github.com/Measter/rpixi" "/workspace/cache/git-repos/https%3A%2F%2Fgithub.com%2FMeaster%2Frpixi", kill_on_drop: false }`
[INFO] [stderr] Cloning into bare repository '/workspace/cache/git-repos/https%3A%2F%2Fgithub.com%2FMeaster%2Frpixi'...
[INFO] running `Command { std: "git" "rev-parse" "HEAD", kill_on_drop: false }`
[INFO] [stdout] 961bdc745b79edbf0a10735a84147683c7233c08
[INFO] checking Measter/rpixi against master#af3c6e733a40e671550e0f0f5aeecaa13772ba56 for pr-74989
[INFO] running `Command { std: "git" "clone" "/workspace/cache/git-repos/https%3A%2F%2Fgithub.com%2FMeaster%2Frpixi" "/workspace/builds/worker-11/source", kill_on_drop: false }`
[INFO] [stderr] Cloning into '/workspace/builds/worker-11/source'...
[INFO] [stderr] done.
[INFO] validating manifest of git repo https://github.com/Measter/rpixi on toolchain af3c6e733a40e671550e0f0f5aeecaa13772ba56
[INFO] running `Command { std: "/workspace/cargo-home/bin/cargo" "+af3c6e733a40e671550e0f0f5aeecaa13772ba56" "read-manifest" "--manifest-path" "Cargo.toml", kill_on_drop: false }`
[INFO] started tweaking git repo https://github.com/Measter/rpixi
[INFO] finished tweaking git repo https://github.com/Measter/rpixi
[INFO] tweaked toml for git repo https://github.com/Measter/rpixi written to /workspace/builds/worker-11/source/Cargo.toml
[INFO] crate git repo https://github.com/Measter/rpixi already has a lockfile, it will not be regenerated
[INFO] running `Command { std: "/workspace/cargo-home/bin/cargo" "+af3c6e733a40e671550e0f0f5aeecaa13772ba56" "fetch" "--locked" "--manifest-path" "Cargo.toml", kill_on_drop: false }`
[INFO] [stderr]     Blocking waiting for file lock on package cache
[INFO] [stderr]  Downloading crates ...
[INFO] [stderr]   Downloaded image v0.16.0
[INFO] [stderr]   Downloaded png v0.10.0
[INFO] [stderr]   Downloaded parking_lot_core v0.2.6
[INFO] [stderr]   Downloaded wayland-client v0.9.10
[INFO] [stderr]   Downloaded termios v0.2.2
[INFO] [stderr]   Downloaded core-foundation v0.4.4
[INFO] [stderr]   Downloaded core-foundation v0.3.0
[INFO] [stderr]   Downloaded cocoa v0.9.2
[INFO] [stderr]   Downloaded console v0.5.0
[INFO] [stderr]   Downloaded clicolors-control v0.1.0
[INFO] [stderr]   Downloaded core-foundation-sys v0.4.4
[INFO] [stderr]   Downloaded nalgebra v0.11.2
[INFO] [stderr]   Downloaded wayland-protocols v0.9.10
[INFO] [stderr]   Downloaded core-foundation-sys v0.3.1
[INFO] [stderr]   Downloaded serde v1.0.15
[INFO] [stderr]   Downloaded core-graphics v0.8.2
[INFO] [stderr]   Downloaded serde_derive v1.0.15
[INFO] [stderr]   Downloaded textwrap v0.8.0
[INFO] [stderr]   Downloaded wayland-kbd v0.9.1
[INFO] [stderr]   Downloaded wayland-scanner v0.9.10
[INFO] [stderr]   Downloaded glutin v0.9.2
[INFO] [stderr]   Downloaded pistoncore-input v0.19.0
[INFO] [stderr]   Downloaded either v1.2.0
[INFO] [stderr]   Downloaded rusttype v0.2.3
[INFO] [stderr]   Downloaded libc v0.2.31
[INFO] [stderr]   Downloaded clap v2.26.2
[INFO] [stderr]   Downloaded wayland-window v0.7.0
[INFO] [stderr]   Downloaded winit v0.7.6
[INFO] [stderr]   Downloaded itertools v0.6.5
[INFO] [stderr]   Downloaded pistoncore-event_loop v0.34.0
[INFO] [stderr]   Downloaded piston-gfx_texture v0.27.0
[INFO] [stderr]   Downloaded structopt v0.1.1
[INFO] [stderr]   Downloaded structopt-derive v0.1.1
[INFO] [stderr]   Downloaded pistoncore-window v0.29.0
[INFO] [stderr]   Downloaded inflate v0.3.2
[INFO] [stderr]   Downloaded wayland-sys v0.9.10
[INFO] [stderr]   Downloaded arrayvec v0.4.2
[INFO] [stderr]   Downloaded gfx_device_gl v0.14.4
[INFO] [stderr]   Downloaded pistoncore-glutin_window v0.40.1
[INFO] [stderr]   Downloaded piston v0.34.0
[INFO] [stderr]   Downloaded piston2d-graphics v0.22.0
[INFO] [stderr]   Downloaded piston2d-gfx_graphics v0.44.0
[INFO] [stderr]   Downloaded piston_window v0.71.1
[INFO] [stderr]   Downloaded indicatif v0.7.0
[INFO] [stderr]   Downloaded imageproc v0.11.0
[INFO] running `Command { std: "docker" "create" "-v" "/var/lib/crater-agent-workspace/builds/worker-11/target:/opt/rustwide/target:rw,Z" "-v" "/var/lib/crater-agent-workspace/builds/worker-11/source:/opt/rustwide/workdir:ro,Z" "-v" "/var/lib/crater-agent-workspace/cargo-home:/opt/rustwide/cargo-home:ro,Z" "-v" "/var/lib/crater-agent-workspace/rustup-home:/opt/rustwide/rustup-home:ro,Z" "-e" "SOURCE_DIR=/opt/rustwide/workdir" "-e" "CARGO_TARGET_DIR=/opt/rustwide/target" "-e" "CARGO_HOME=/opt/rustwide/cargo-home" "-e" "RUSTUP_HOME=/opt/rustwide/rustup-home" "-w" "/opt/rustwide/workdir" "-m" "1610612736" "--user" "0:0" "--network" "none" "rustops/crates-build-env@sha256:d92eaeed33fa75130ca1ee6c8a01d1ffb62bac859dfdfb3450e3e5d1c0146529" "/opt/rustwide/cargo-home/bin/cargo" "+af3c6e733a40e671550e0f0f5aeecaa13772ba56" "metadata" "--no-deps" "--format-version=1", kill_on_drop: false }`
[INFO] [stdout] d0abe366f590faa42f981bea031f8a2c035ae96dfa8cf46d97b1973cde85db68
[INFO] [stderr] WARNING: Your kernel does not support swap limit capabilities or the cgroup is not mounted. Memory limited without swap.
[INFO] running `Command { std: "docker" "start" "-a" "d0abe366f590faa42f981bea031f8a2c035ae96dfa8cf46d97b1973cde85db68", kill_on_drop: false }`
[INFO] running `Command { std: "docker" "inspect" "d0abe366f590faa42f981bea031f8a2c035ae96dfa8cf46d97b1973cde85db68", kill_on_drop: false }`
[INFO] running `Command { std: "docker" "rm" "-f" "d0abe366f590faa42f981bea031f8a2c035ae96dfa8cf46d97b1973cde85db68", kill_on_drop: false }`
[INFO] [stdout] d0abe366f590faa42f981bea031f8a2c035ae96dfa8cf46d97b1973cde85db68
[INFO] running `Command { std: "docker" "create" "-v" "/var/lib/crater-agent-workspace/builds/worker-11/target:/opt/rustwide/target:rw,Z" "-v" "/var/lib/crater-agent-workspace/builds/worker-11/source:/opt/rustwide/workdir:ro,Z" "-v" "/var/lib/crater-agent-workspace/cargo-home:/opt/rustwide/cargo-home:ro,Z" "-v" "/var/lib/crater-agent-workspace/rustup-home:/opt/rustwide/rustup-home:ro,Z" "-e" "SOURCE_DIR=/opt/rustwide/workdir" "-e" "CARGO_TARGET_DIR=/opt/rustwide/target" "-e" "CARGO_INCREMENTAL=0" "-e" "RUST_BACKTRACE=full" "-e" "RUSTFLAGS=--cap-lints=forbid" "-e" "CARGO_HOME=/opt/rustwide/cargo-home" "-e" "RUSTUP_HOME=/opt/rustwide/rustup-home" "-w" "/opt/rustwide/workdir" "-m" "1610612736" "--user" "0:0" "--network" "none" "rustops/crates-build-env@sha256:d92eaeed33fa75130ca1ee6c8a01d1ffb62bac859dfdfb3450e3e5d1c0146529" "/opt/rustwide/cargo-home/bin/cargo" "+af3c6e733a40e671550e0f0f5aeecaa13772ba56" "check" "--frozen" "--all" "--all-targets" "--message-format=json", kill_on_drop: false }`
[INFO] [stdout] b9c1d08838865f02dc8acb22eea69a0c1c6b769b3698de81745957c22d67e2fc
[INFO] [stderr] WARNING: Your kernel does not support swap limit capabilities or the cgroup is not mounted. Memory limited without swap.
[INFO] running `Command { std: "docker" "start" "-a" "b9c1d08838865f02dc8acb22eea69a0c1c6b769b3698de81745957c22d67e2fc", kill_on_drop: false }`
[INFO] [stderr]     Checking libc v0.2.31
[INFO] [stderr]     Checking lazy_static v0.2.9
[INFO] [stderr]    Compiling bitflags v0.9.1
[INFO] [stderr]    Compiling siphasher v0.2.2
[INFO] [stderr]    Compiling unicode-xid v0.0.4
[INFO] [stderr]    Compiling quote v0.3.15
[INFO] [stderr]    Compiling winapi-build v0.1.1
[INFO] [stderr]    Compiling serde v0.9.15
[INFO] [stderr]    Compiling itoa v0.3.4
[INFO] [stderr]    Compiling dtoa v0.4.2
[INFO] [stderr]     Checking num-traits v0.1.40
[INFO] [stderr]     Checking winapi v0.2.8
[INFO] [stderr]    Compiling khronos_api v1.0.1
[INFO] [stderr]     Checking byteorder v1.1.0
[INFO] [stderr]     Checking either v1.2.0
[INFO] [stderr]    Compiling rayon-core v1.2.1
[INFO] [stderr]     Checking scopeguard v0.3.2
[INFO] [stderr]     Checking log v0.3.8
[INFO] [stderr]     Checking futures v0.1.16
[INFO] [stderr]     Checking adler32 v1.0.2
[INFO] [stderr]    Compiling pkg-config v0.3.9
[INFO] [stderr]     Checking odds v0.2.25
[INFO] [stderr]     Checking color_quant v1.0.0
[INFO] [stderr]     Checking serde v1.0.15
[INFO] [stderr]    Compiling typenum v1.9.0
[INFO] [stderr]     Checking void v1.0.2
[INFO] [stderr]     Checking bitflags v0.7.0
[INFO] [stderr]     Checking unicode-width v0.1.4
[INFO] [stderr]     Checking smallvec v0.4.4
[INFO] [stderr]     Checking stable_deref_trait v1.0.0
[INFO] [stderr]     Checking regex-syntax v0.4.1
[INFO] [stderr]     Checking utf8-ranges v1.0.0
[INFO] [stderr]     Checking strsim v0.6.0
[INFO] [stderr]     Checking vec_map v0.8.0
[INFO] [stderr]     Checking ansi_term v0.9.0
[INFO] [stderr]     Checking piston-shaders_graphics2d v0.3.1
[INFO] [stderr]    Compiling synom v0.11.3
[INFO] [stderr]    Compiling xml-rs v0.6.1
[INFO] [stderr]    Compiling phf_shared v0.7.21
[INFO] [stderr]    Compiling rand v0.3.16
[INFO] [stderr]    Compiling syn v0.10.8
[INFO] [stderr]     Checking draw_state v0.7.1
[INFO] [stderr]    Compiling kernel32-sys v0.2.2
[INFO] [stderr]     Checking itertools v0.6.5
[INFO] [stderr]     Checking coco v0.1.1
[INFO] [stderr]    Compiling itertools v0.5.10
[INFO] [stderr]     Checking inflate v0.3.2
[INFO] [stderr]     Checking deflate v0.7.17
[INFO] [stderr]     Checking unreachable v1.0.0
[INFO] [stderr]     Checking num_cpus v1.7.0
[INFO] [stderr]     Checking shared_library v0.1.7
[INFO] [stderr]     Checking memchr v0.1.11
[INFO] [stderr]     Checking memchr v1.0.1
[INFO] [stderr]     Checking term_size v0.3.0
[INFO] [stderr]     Checking clicolors-control v0.1.0
[INFO] [stderr]     Checking atty v0.2.3
[INFO] [stderr]     Checking termios v0.2.2
[INFO] [stderr]     Checking gif v0.9.2
[INFO] [stderr]     Checking num-integer v0.1.35
[INFO] [stderr]     Checking enum_primitive v0.1.1
[INFO] [stderr]     Checking num-complex v0.1.40
[INFO] [stderr]     Checking owning_ref v0.3.3
[INFO] [stderr]     Checking nodrop v0.1.9
[INFO] [stderr]    Compiling syn v0.11.11
[INFO] [stderr]    Compiling phf v0.7.21
[INFO] [stderr]    Compiling x11-dl v2.15.0
[INFO] [stderr]     Checking thread_local v0.3.4
[INFO] [stderr]     Checking osmesa-sys v0.1.2
[INFO] [stderr]     Checking aho-corasick v0.5.3
[INFO] [stderr]     Checking textwrap v0.8.0
[INFO] [stderr]     Checking aho-corasick v0.6.3
[INFO] [stderr]    Compiling wayland-scanner v0.9.10
[INFO] [stderr]    Compiling gl_generator v0.5.5
[INFO] [stderr]    Compiling phf_generator v0.7.21
[INFO] [stderr]     Checking num-iter v0.1.34
[INFO] [stderr]     Checking arrayvec v0.4.2
[INFO] [stderr]     Checking num-bigint v0.1.40
[INFO] [stderr]     Checking tempfile v2.2.0
[INFO] [stderr]     Checking parking_lot_core v0.2.6
[INFO] [stderr]     Checking clap v2.26.2
[INFO] [stderr]    Compiling phf_codegen v0.7.21
[INFO] [stderr]     Checking fs2 v0.2.5
[INFO] [stderr]     Checking thread-id v2.0.0
[INFO] [stderr]     Checking png v0.10.0
[INFO] [stderr]     Checking alga v0.5.2
[INFO] [stderr]     Checking regex v0.2.2
[INFO] [stderr]     Checking memmap v0.4.0
[INFO] [stderr]    Compiling target_build_utils v0.3.1
[INFO] [stderr]     Checking thread_local v0.2.7
[INFO] [stderr]     Checking rayon v0.8.2
[INFO] [stderr]     Checking rayon v0.7.1
[INFO] [stderr]     Checking rusttype v0.2.3
[INFO] [stderr]     Checking parking_lot v0.4.8
[INFO] [stderr]    Compiling wayland-client v0.9.10
[INFO] [stderr]    Compiling wayland-protocols v0.9.10
[INFO] [stderr]     Checking regex v0.1.80
[INFO] [stderr]     Checking generic-array v0.2.1
[INFO] [stderr]     Checking num-rational v0.1.39
[INFO] [stderr]    Compiling serde_derive_internals v0.16.0
[INFO] [stderr]     Checking console v0.5.0
[INFO] [stderr]    Compiling serde_json v0.9.10
[INFO] [stderr]     Checking nalgebra v0.11.2
[INFO] [stdout] error[E0311]: the parameter type `K` may not live long enough
[INFO] [stdout]   --> /opt/rustwide/cargo-home/registry/src/github.com-1ecc6299db9ec823/rusttype-0.2.3/src/support/bst/map.rs:81:19
[INFO] [stdout]    |
[INFO] [stdout] 81 |             match node.force() {
[INFO] [stdout]    |                   ^^^^
[INFO] [stdout]    |
[INFO] [stdout] note: the parameter type `K` must be valid for the anonymous lifetime #1 defined on the function body at 77:9...
[INFO] [stdout]   --> /opt/rustwide/cargo-home/registry/src/github.com-1ecc6299db9ec823/rusttype-0.2.3/src/support/bst/map.rs:77:9
[INFO] [stdout]    |
[INFO] [stdout] 77 | /         fn clone_subtree<K: Clone, V: Clone>(
[INFO] [stdout] 78 | |                 node: node::NodeRef<marker::Immut, K, V, marker::LeafOrInternal>)
[INFO] [stdout] 79 | |                 -> BTreeMap<K, V> {
[INFO] [stdout]    | |_________________________________^
[INFO] [stdout] 
[INFO] [stdout] 
[INFO] [stdout] error[E0311]: the parameter type `V` may not live long enough
[INFO] [stdout]   --> /opt/rustwide/cargo-home/registry/src/github.com-1ecc6299db9ec823/rusttype-0.2.3/src/support/bst/map.rs:81:19
[INFO] [stdout]    |
[INFO] [stdout] 81 |             match node.force() {
[INFO] [stdout]    |                   ^^^^
[INFO] [stdout]    |
[INFO] [stdout] note: the parameter type `V` must be valid for the anonymous lifetime #1 defined on the function body at 77:9...
[INFO] [stdout]   --> /opt/rustwide/cargo-home/registry/src/github.com-1ecc6299db9ec823/rusttype-0.2.3/src/support/bst/map.rs:77:9
[INFO] [stdout]    |
[INFO] [stdout] 77 | /         fn clone_subtree<K: Clone, V: Clone>(
[INFO] [stdout] 78 | |                 node: node::NodeRef<marker::Immut, K, V, marker::LeafOrInternal>)
[INFO] [stdout] 79 | |                 -> BTreeMap<K, V> {
[INFO] [stdout]    | |_________________________________^
[INFO] [stdout] 
[INFO] [stdout] 
[INFO] [stderr]    Compiling gl v0.6.3
[INFO] [stderr]    Compiling gfx_gl v0.3.1
[INFO] [stderr]    Compiling glutin v0.9.2
[INFO] [stdout] error: aborting due to 2 previous errors
[INFO] [stdout] 
[INFO] [stdout] 
[INFO] [stderr]     Checking num v0.1.40
[INFO] [stderr] error: could not compile `rusttype`.
[INFO] [stderr] 
[INFO] [stderr] To learn more, run the command again with --verbose.
[INFO] [stderr] warning: build failed, waiting for other jobs to finish...
[INFO] [stdout] error[E0119]: conflicting implementations of trait `std::ops::Mul<&_>` for type `geometry::translation::TranslationBase<_, _, _>`:
[INFO] [stdout]    --> /opt/rustwide/cargo-home/registry/src/github.com-1ecc6299db9ec823/nalgebra-0.11.2/src/geometry/isometry_ops.rs:68:9
[INFO] [stdout]     |
[INFO] [stdout] 68  | /         impl<$($lives ,)* N, D: DimName, S, R> $Op<$Rhs> for $Lhs
[INFO] [stdout] 69  | |             where N: Real,
[INFO] [stdout] 70  | |                   S: OwnedStorage<N, D, U1>,
[INFO] [stdout] 71  | |                   R: Rotation<PointBase<N, D, S>>,
[INFO] [stdout] ...   |
[INFO] [stdout] 78  | |             }
[INFO] [stdout] 79  | |         }
[INFO] [stdout]     | |         ^
[INFO] [stdout]     | |         |
[INFO] [stdout]     | |_________first implementation here
[INFO] [stdout]     |           conflicting implementation for `geometry::translation::TranslationBase<_, _, _>`
[INFO] [stdout] ...
[INFO] [stdout] 286 | / isometry_binop_impl_all!(
[INFO] [stdout] 287 | |     Mul, mul;
[INFO] [stdout] 288 | |     self: TranslationBase<N, D, S>, right: R, Output = IsometryBase<N, D, S, R>;
[INFO] [stdout] 289 | |     [val val] => IsometryBase::from_parts(self, right);
[INFO] [stdout] ...   |
[INFO] [stdout] 292 | |     [ref ref] => IsometryBase::from_parts(self.clone(), right.clone());
[INFO] [stdout] 293 | | );
[INFO] [stdout]     | |__- in this macro invocation
[INFO] [stdout]     |
[INFO] [stdout]     = note: downstream crates may implement trait `alga::linear::Rotation<geometry::point::PointBase<_, _, _>>` for type `&_`
[INFO] [stdout]     = note: this error originates in a macro (in Nightly builds, run with -Z macro-backtrace for more info)
[INFO] [stdout] 
[INFO] [stdout] 
[INFO] [stdout] error[E0119]: conflicting implementations of trait `std::ops::Mul<&_>` for type `&geometry::translation::TranslationBase<_, _, _>`:
[INFO] [stdout]    --> /opt/rustwide/cargo-home/registry/src/github.com-1ecc6299db9ec823/nalgebra-0.11.2/src/geometry/isometry_ops.rs:68:9
[INFO] [stdout]     |
[INFO] [stdout] 68  | /         impl<$($lives ,)* N, D: DimName, S, R> $Op<$Rhs> for $Lhs
[INFO] [stdout] 69  | |             where N: Real,
[INFO] [stdout] 70  | |                   S: OwnedStorage<N, D, U1>,
[INFO] [stdout] 71  | |                   R: Rotation<PointBase<N, D, S>>,
[INFO] [stdout] ...   |
[INFO] [stdout] 78  | |             }
[INFO] [stdout] 79  | |         }
[INFO] [stdout]     | |         ^
[INFO] [stdout]     | |         |
[INFO] [stdout]     | |_________first implementation here
[INFO] [stdout]     |           conflicting implementation for `&geometry::translation::TranslationBase<_, _, _>`
[INFO] [stdout] ...
[INFO] [stdout] 286 | / isometry_binop_impl_all!(
[INFO] [stdout] 287 | |     Mul, mul;
[INFO] [stdout] 288 | |     self: TranslationBase<N, D, S>, right: R, Output = IsometryBase<N, D, S, R>;
[INFO] [stdout] 289 | |     [val val] => IsometryBase::from_parts(self, right);
[INFO] [stdout] ...   |
[INFO] [stdout] 292 | |     [ref ref] => IsometryBase::from_parts(self.clone(), right.clone());
[INFO] [stdout] 293 | | );
[INFO] [stdout]     | |__- in this macro invocation
[INFO] [stdout]     |
[INFO] [stdout]     = note: downstream crates may implement trait `alga::linear::Rotation<geometry::point::PointBase<_, _, _>>` for type `&_`
[INFO] [stdout]     = note: this error originates in a macro (in Nightly builds, run with -Z macro-backtrace for more info)
[INFO] [stdout] 
[INFO] [stdout] 
[INFO] [stdout] error: aborting due to 2 previous errors
[INFO] [stdout] 
[INFO] [stdout] 
[INFO] [stdout] For more information about this error, try `rustc --explain E0119`.
[INFO] [stdout] 
[INFO] [stderr] error: build failed
[INFO] running `Command { std: "docker" "inspect" "b9c1d08838865f02dc8acb22eea69a0c1c6b769b3698de81745957c22d67e2fc", kill_on_drop: false }`
[INFO] running `Command { std: "docker" "rm" "-f" "b9c1d08838865f02dc8acb22eea69a0c1c6b769b3698de81745957c22d67e2fc", kill_on_drop: false }`
[INFO] [stdout] b9c1d08838865f02dc8acb22eea69a0c1c6b769b3698de81745957c22d67e2fc
